{"id":37012,"date":"2022-07-13T16:27:43","date_gmt":"2022-07-13T16:27:43","guid":{"rendered":"https:\/\/www.grandeportovinhos.com\/?post_type=product&#038;p=37012"},"modified":"2025-02-13T10:34:46","modified_gmt":"2025-02-13T10:34:46","slug":"ingin","status":"publish","type":"product","link":"https:\/\/www.grandeportovinhos.com\/eng\/inicio\/loja\/loja\/destilados-e-espirituosas\/ingin\/","title":{"rendered":"InGin <br> Original"},"content":{"rendered":"<p>The InGin was developed with 8 herbs carefully selected and artfully harmonized, capturing the Azorean essence with delicate notes of pineapple, one of the symbols of the region. Enter into a different, unique and profound experience, creating unforgettable memories. The unique richness of the Azorean essence celebrated in a unique gin, InGin.<\/p>\n<p class=\"p1\">Currently a symbol of the Azores, the pineapple was introduced to the archipelago in the mid-19th\ncentury as a purely ornamental plant. Being an expensive, rare and exotic fruit, at that time it was\ngenerally associated with prestige and luxury.\nOver time, the pineapple has established itself as a high-yielding crop for the island. The cultivation\nmethod of the Azorean pineapple is unique in the world and its commercialization process goes\nthrough strict quality standards, being a differentiated fruit with a harmonious appearance.\nInGin was developed based on the essence of the Azorean pineapple and the way it was introduced in\nthe archipelago. The richness and refinement that define InGin's image are complemented by its\nsplendid taste, making it a unique gin of unbeatable quality. Thus was born the slogan \"Ornate in\nluxury, Splendid in flavor\".<\/p>\n<p>Characteristics:<br \/>\nHerbs: Juniper, Coriander Seed, Angelica, Cassia, Grapefruit, Rosemary, Pineapple, Clove<br \/>\nAlcohol Content: 43%<\/p>\n<p>You can find <a href=\"https:\/\/www.grandeportovinhos.com\/eng\/product-category\/loja\/alimentar\/especiarias\/\" target=\"_blank\" rel=\"noopener\">InGin bot\u00e2nicos<\/a> to add flavor to your gin.<\/p>","protected":false},"excerpt":{"rendered":"<p>ORNATED IN REFINEMENT, SPLENDID IN TASTE.<\/p>\n<p><strong>Color\/Type<\/strong>: Gin<br \/>\n<strong>Volume<\/strong>: 700 mL<\/p>","protected":false},"featured_media":37722,"comment_status":"open","ping_status":"closed","template":"","meta":{"ocean_post_layout":"full-width","ocean_both_sidebars_style":"","ocean_both_sidebars_content_width":0,"ocean_both_sidebars_sidebars_width":0,"ocean_sidebar":"0","ocean_second_sidebar":"0","ocean_disable_margins":"enable","ocean_add_body_class":"","ocean_shortcode_before_top_bar":"","ocean_shortcode_after_top_bar":"","ocean_shortcode_before_header":"","ocean_shortcode_after_header":"","ocean_has_shortcode":"","ocean_shortcode_after_title":"","ocean_shortcode_before_footer_widgets":"","ocean_shortcode_after_footer_widgets":"","ocean_shortcode_before_footer_bottom":"","ocean_shortcode_after_footer_bottom":"","ocean_display_top_bar":"default","ocean_display_header":"default","ocean_header_style":"","ocean_center_header_left_menu":"0","ocean_custom_header_template":"0","ocean_custom_logo":0,"ocean_custom_retina_logo":0,"ocean_custom_logo_max_width":0,"ocean_custom_logo_tablet_max_width":0,"ocean_custom_logo_mobile_max_width":0,"ocean_custom_logo_max_height":0,"ocean_custom_logo_tablet_max_height":0,"ocean_custom_logo_mobile_max_height":0,"ocean_header_custom_menu":"0","ocean_menu_typo_font_family":"0","ocean_menu_typo_font_subset":"","ocean_menu_typo_font_size":0,"ocean_menu_typo_font_size_tablet":0,"ocean_menu_typo_font_size_mobile":0,"ocean_menu_typo_font_size_unit":"px","ocean_menu_typo_font_weight":"","ocean_menu_typo_font_weight_tablet":"","ocean_menu_typo_font_weight_mobile":"","ocean_menu_typo_transform":"","ocean_menu_typo_transform_tablet":"","ocean_menu_typo_transform_mobile":"","ocean_menu_typo_line_height":0,"ocean_menu_typo_line_height_tablet":0,"ocean_menu_typo_line_height_mobile":0,"ocean_menu_typo_line_height_unit":"","ocean_menu_typo_spacing":0,"ocean_menu_typo_spacing_tablet":0,"ocean_menu_typo_spacing_mobile":0,"ocean_menu_typo_spacing_unit":"","ocean_menu_link_color":"","ocean_menu_link_color_hover":"","ocean_menu_link_color_active":"","ocean_menu_link_background":"","ocean_menu_link_hover_background":"","ocean_menu_link_active_background":"","ocean_menu_social_links_bg":"","ocean_menu_social_hover_links_bg":"","ocean_menu_social_links_color":"","ocean_menu_social_hover_links_color":"","ocean_disable_title":"default","ocean_disable_heading":"default","ocean_post_title":"","ocean_post_subheading":"","ocean_post_title_style":"","ocean_post_title_background_color":"","ocean_post_title_background":0,"ocean_post_title_bg_image_position":"","ocean_post_title_bg_image_attachment":"","ocean_post_title_bg_image_repeat":"","ocean_post_title_bg_image_size":"","ocean_post_title_height":0,"ocean_post_title_bg_overlay":0.5,"ocean_post_title_bg_overlay_color":"","ocean_disable_breadcrumbs":"default","ocean_breadcrumbs_color":"","ocean_breadcrumbs_separator_color":"","ocean_breadcrumbs_links_color":"","ocean_breadcrumbs_links_hover_color":"","ocean_display_footer_widgets":"default","ocean_display_footer_bottom":"default","ocean_custom_footer_template":"0"},"product_brand":[],"product_cat":[89],"product_tag":[140],"class_list":{"0":"post-37012","1":"product","2":"type-product","3":"status-publish","4":"has-post-thumbnail","6":"product_cat-destilados-e-espirituosas","7":"product_tag-gin","9":"entry","10":"has-media","12":"first","13":"instock","14":"featured","15":"taxable","16":"shipping-taxable","17":"purchasable","18":"product-type-simple","19":"has-product-nav","20":"col","21":"span_1_of_4","22":"owp-content-center","23":"owp-thumbs-layout-horizontal","24":"owp-btn-normal","25":"owp-tabs-layout-vertical","26":"has-no-thumbnails"},"yoast_head":"<!-- This site is optimized with the Yoast SEO plugin v24.4 - https:\/\/yoast.com\/wordpress\/plugins\/seo\/ -->\n<title>InGin  Original - Bebidas Espirituosas - Grande Porto - Vinhos e Bebidas<\/title>\n<meta name=\"description\" content=\"O InGin \u00e9 desenvolvido com 8 bot\u00e2nicos cuidadosamente selecionados, captando\u00a0a ess\u00eancia a\u00e7oriana com delicadas notas de anan\u00e1s.\" \/>\n<meta name=\"robots\" content=\"index, follow, max-snippet:-1, max-image-preview:large, max-video-preview:-1\" \/>\n<link rel=\"canonical\" href=\"https:\/\/www.grandeportovinhos.com\/eng\/inicio\/loja\/loja\/destilados-e-espirituosas\/ingin\/\" \/>\n<meta property=\"og:locale\" content=\"en_US\" \/>\n<meta property=\"og:type\" content=\"article\" \/>\n<meta property=\"og:title\" content=\"InGin  Original - Bebidas Espirituosas - Grande Porto - Vinhos e Bebidas\" \/>\n<meta property=\"og:description\" content=\"O InGin \u00e9 desenvolvido com 8 bot\u00e2nicos cuidadosamente selecionados, captando\u00a0a ess\u00eancia a\u00e7oriana com delicadas notas de anan\u00e1s.\" \/>\n<meta property=\"og:url\" content=\"https:\/\/www.grandeportovinhos.com\/eng\/inicio\/loja\/loja\/destilados-e-espirituosas\/ingin\/\" \/>\n<meta property=\"og:site_name\" content=\"Grande Porto - Vinhos e Bebidas\" \/>\n<meta property=\"article:modified_time\" content=\"2025-02-13T10:34:46+00:00\" \/>\n<meta property=\"og:image\" content=\"https:\/\/www.grandeportovinhos.com\/wp-content\/uploads\/2022\/07\/INGIN.jpg\" \/>\n\t<meta property=\"og:image:width\" content=\"300\" \/>\n\t<meta property=\"og:image:height\" content=\"700\" \/>\n\t<meta property=\"og:image:type\" content=\"image\/jpeg\" \/>\n<meta name=\"twitter:card\" content=\"summary_large_image\" \/>\n<meta name=\"twitter:label1\" content=\"Est. reading time\" \/>\n\t<meta name=\"twitter:data1\" content=\"2 minutes\" \/>\n<script type=\"application\/ld+json\" class=\"yoast-schema-graph\">{\"@context\":\"https:\/\/schema.org\",\"@graph\":[{\"@type\":\"WebPage\",\"@id\":\"https:\/\/www.grandeportovinhos.com\/inicio\/loja\/loja\/destilados-e-espirituosas\/ingin\/\",\"url\":\"https:\/\/www.grandeportovinhos.com\/inicio\/loja\/loja\/destilados-e-espirituosas\/ingin\/\",\"name\":\"InGin Original - Bebidas Espirituosas - Grande Porto - Vinhos e Bebidas\",\"isPartOf\":{\"@id\":\"https:\/\/www.grandeportovinhos.com\/#website\"},\"primaryImageOfPage\":{\"@id\":\"https:\/\/www.grandeportovinhos.com\/inicio\/loja\/loja\/destilados-e-espirituosas\/ingin\/#primaryimage\"},\"image\":{\"@id\":\"https:\/\/www.grandeportovinhos.com\/inicio\/loja\/loja\/destilados-e-espirituosas\/ingin\/#primaryimage\"},\"thumbnailUrl\":\"https:\/\/www.grandeportovinhos.com\/wp-content\/uploads\/2022\/07\/INGIN.jpg\",\"datePublished\":\"2022-07-13T16:27:43+00:00\",\"dateModified\":\"2025-02-13T10:34:46+00:00\",\"description\":\"O InGin \u00e9 desenvolvido com 8 bot\u00e2nicos cuidadosamente selecionados, captando\u00a0a ess\u00eancia a\u00e7oriana com delicadas notas de anan\u00e1s.\",\"breadcrumb\":{\"@id\":\"https:\/\/www.grandeportovinhos.com\/inicio\/loja\/loja\/destilados-e-espirituosas\/ingin\/#breadcrumb\"},\"inLanguage\":\"en-US\",\"potentialAction\":[{\"@type\":\"ReadAction\",\"target\":[\"https:\/\/www.grandeportovinhos.com\/inicio\/loja\/loja\/destilados-e-espirituosas\/ingin\/\"]}]},{\"@type\":\"ImageObject\",\"inLanguage\":\"en-US\",\"@id\":\"https:\/\/www.grandeportovinhos.com\/inicio\/loja\/loja\/destilados-e-espirituosas\/ingin\/#primaryimage\",\"url\":\"https:\/\/www.grandeportovinhos.com\/wp-content\/uploads\/2022\/07\/INGIN.jpg\",\"contentUrl\":\"https:\/\/www.grandeportovinhos.com\/wp-content\/uploads\/2022\/07\/INGIN.jpg\",\"width\":300,\"height\":700,\"caption\":\"InGin Gin\"},{\"@type\":\"BreadcrumbList\",\"@id\":\"https:\/\/www.grandeportovinhos.com\/inicio\/loja\/loja\/destilados-e-espirituosas\/ingin\/#breadcrumb\",\"itemListElement\":[{\"@type\":\"ListItem\",\"position\":1,\"name\":\"In\u00edcio\",\"item\":\"https:\/\/www.grandeportovinhos.com\/\"},{\"@type\":\"ListItem\",\"position\":2,\"name\":\"LOJA\",\"item\":\"https:\/\/www.grandeportovinhos.com\/loja\/\"},{\"@type\":\"ListItem\",\"position\":3,\"name\":\"LOJA\",\"item\":\"https:\/\/www.grandeportovinhos.com\/product-category\/loja\/\"},{\"@type\":\"ListItem\",\"position\":4,\"name\":\"DESTILADOS E ESPIRITUOSAS\",\"item\":\"https:\/\/www.grandeportovinhos.com\/product-category\/loja\/destilados-e-espirituosas\/\"},{\"@type\":\"ListItem\",\"position\":5,\"name\":\"InGin Original\"}]},{\"@type\":\"WebSite\",\"@id\":\"https:\/\/www.grandeportovinhos.com\/#website\",\"url\":\"https:\/\/www.grandeportovinhos.com\/\",\"name\":\"Grande Porto - Vinhos e Bebidas\",\"description\":\"\",\"publisher\":{\"@id\":\"https:\/\/www.grandeportovinhos.com\/#organization\"},\"potentialAction\":[{\"@type\":\"SearchAction\",\"target\":{\"@type\":\"EntryPoint\",\"urlTemplate\":\"https:\/\/www.grandeportovinhos.com\/?s={search_term_string}\"},\"query-input\":{\"@type\":\"PropertyValueSpecification\",\"valueRequired\":true,\"valueName\":\"search_term_string\"}}],\"inLanguage\":\"en-US\"},{\"@type\":\"Organization\",\"@id\":\"https:\/\/www.grandeportovinhos.com\/#organization\",\"name\":\"Grande Porto - Vinhos e Bebidas\",\"url\":\"https:\/\/www.grandeportovinhos.com\/\",\"logo\":{\"@type\":\"ImageObject\",\"inLanguage\":\"en-US\",\"@id\":\"https:\/\/www.grandeportovinhos.com\/#\/schema\/logo\/image\/\",\"url\":\"https:\/\/www.grandeportovinhos.com\/wp-content\/uploads\/2020\/10\/cropped-logo-GP.jpg\",\"contentUrl\":\"https:\/\/www.grandeportovinhos.com\/wp-content\/uploads\/2020\/10\/cropped-logo-GP.jpg\",\"width\":2559,\"height\":1626,\"caption\":\"Grande Porto - Vinhos e Bebidas\"},\"image\":{\"@id\":\"https:\/\/www.grandeportovinhos.com\/#\/schema\/logo\/image\/\"}}]}<\/script>\n<!-- \/ Yoast SEO plugin. -->","yoast_head_json":{"title":"InGin  Original - Bebidas Espirituosas - Grande Porto - Vinhos e Bebidas","description":"O InGin \u00e9 desenvolvido com 8 bot\u00e2nicos cuidadosamente selecionados, captando\u00a0a ess\u00eancia a\u00e7oriana com delicadas notas de anan\u00e1s.","robots":{"index":"index","follow":"follow","max-snippet":"max-snippet:-1","max-image-preview":"max-image-preview:large","max-video-preview":"max-video-preview:-1"},"canonical":"https:\/\/www.grandeportovinhos.com\/eng\/inicio\/loja\/loja\/destilados-e-espirituosas\/ingin\/","og_locale":"en_US","og_type":"article","og_title":"InGin  Original - Bebidas Espirituosas - Grande Porto - Vinhos e Bebidas","og_description":"O InGin \u00e9 desenvolvido com 8 bot\u00e2nicos cuidadosamente selecionados, captando\u00a0a ess\u00eancia a\u00e7oriana com delicadas notas de anan\u00e1s.","og_url":"https:\/\/www.grandeportovinhos.com\/eng\/inicio\/loja\/loja\/destilados-e-espirituosas\/ingin\/","og_site_name":"Grande Porto - Vinhos e Bebidas","article_modified_time":"2025-02-13T10:34:46+00:00","og_image":[{"width":300,"height":700,"url":"https:\/\/www.grandeportovinhos.com\/wp-content\/uploads\/2022\/07\/INGIN.jpg","type":"image\/jpeg"}],"twitter_card":"summary_large_image","twitter_misc":{"Est. reading time":"2 minutes"},"schema":{"@context":"https:\/\/schema.org","@graph":[{"@type":"WebPage","@id":"https:\/\/www.grandeportovinhos.com\/inicio\/loja\/loja\/destilados-e-espirituosas\/ingin\/","url":"https:\/\/www.grandeportovinhos.com\/inicio\/loja\/loja\/destilados-e-espirituosas\/ingin\/","name":"InGin Original - Bebidas Espirituosas - Grande Porto - Vinhos e Bebidas","isPartOf":{"@id":"https:\/\/www.grandeportovinhos.com\/#website"},"primaryImageOfPage":{"@id":"https:\/\/www.grandeportovinhos.com\/inicio\/loja\/loja\/destilados-e-espirituosas\/ingin\/#primaryimage"},"image":{"@id":"https:\/\/www.grandeportovinhos.com\/inicio\/loja\/loja\/destilados-e-espirituosas\/ingin\/#primaryimage"},"thumbnailUrl":"https:\/\/www.grandeportovinhos.com\/wp-content\/uploads\/2022\/07\/INGIN.jpg","datePublished":"2022-07-13T16:27:43+00:00","dateModified":"2025-02-13T10:34:46+00:00","description":"O InGin \u00e9 desenvolvido com 8 bot\u00e2nicos cuidadosamente selecionados, captando\u00a0a ess\u00eancia a\u00e7oriana com delicadas notas de anan\u00e1s.","breadcrumb":{"@id":"https:\/\/www.grandeportovinhos.com\/inicio\/loja\/loja\/destilados-e-espirituosas\/ingin\/#breadcrumb"},"inLanguage":"en-US","potentialAction":[{"@type":"ReadAction","target":["https:\/\/www.grandeportovinhos.com\/inicio\/loja\/loja\/destilados-e-espirituosas\/ingin\/"]}]},{"@type":"ImageObject","inLanguage":"en-US","@id":"https:\/\/www.grandeportovinhos.com\/inicio\/loja\/loja\/destilados-e-espirituosas\/ingin\/#primaryimage","url":"https:\/\/www.grandeportovinhos.com\/wp-content\/uploads\/2022\/07\/INGIN.jpg","contentUrl":"https:\/\/www.grandeportovinhos.com\/wp-content\/uploads\/2022\/07\/INGIN.jpg","width":300,"height":700,"caption":"InGin Gin"},{"@type":"BreadcrumbList","@id":"https:\/\/www.grandeportovinhos.com\/inicio\/loja\/loja\/destilados-e-espirituosas\/ingin\/#breadcrumb","itemListElement":[{"@type":"ListItem","position":1,"name":"In\u00edcio","item":"https:\/\/www.grandeportovinhos.com\/"},{"@type":"ListItem","position":2,"name":"LOJA","item":"https:\/\/www.grandeportovinhos.com\/loja\/"},{"@type":"ListItem","position":3,"name":"LOJA","item":"https:\/\/www.grandeportovinhos.com\/product-category\/loja\/"},{"@type":"ListItem","position":4,"name":"DESTILADOS E ESPIRITUOSAS","item":"https:\/\/www.grandeportovinhos.com\/product-category\/loja\/destilados-e-espirituosas\/"},{"@type":"ListItem","position":5,"name":"InGin Original"}]},{"@type":"WebSite","@id":"https:\/\/www.grandeportovinhos.com\/#website","url":"https:\/\/www.grandeportovinhos.com\/","name":"Grande Porto - Vinhos e Bebidas","description":"","publisher":{"@id":"https:\/\/www.grandeportovinhos.com\/#organization"},"potentialAction":[{"@type":"SearchAction","target":{"@type":"EntryPoint","urlTemplate":"https:\/\/www.grandeportovinhos.com\/?s={search_term_string}"},"query-input":{"@type":"PropertyValueSpecification","valueRequired":true,"valueName":"search_term_string"}}],"inLanguage":"en-US"},{"@type":"Organization","@id":"https:\/\/www.grandeportovinhos.com\/#organization","name":"Grande Porto - Vinhos e Bebidas","url":"https:\/\/www.grandeportovinhos.com\/","logo":{"@type":"ImageObject","inLanguage":"en-US","@id":"https:\/\/www.grandeportovinhos.com\/#\/schema\/logo\/image\/","url":"https:\/\/www.grandeportovinhos.com\/wp-content\/uploads\/2020\/10\/cropped-logo-GP.jpg","contentUrl":"https:\/\/www.grandeportovinhos.com\/wp-content\/uploads\/2020\/10\/cropped-logo-GP.jpg","width":2559,"height":1626,"caption":"Grande Porto - Vinhos e Bebidas"},"image":{"@id":"https:\/\/www.grandeportovinhos.com\/#\/schema\/logo\/image\/"}}]}},"_links":{"self":[{"href":"https:\/\/www.grandeportovinhos.com\/eng\/wp-json\/wp\/v2\/product\/37012"}],"collection":[{"href":"https:\/\/www.grandeportovinhos.com\/eng\/wp-json\/wp\/v2\/product"}],"about":[{"href":"https:\/\/www.grandeportovinhos.com\/eng\/wp-json\/wp\/v2\/types\/product"}],"replies":[{"embeddable":true,"href":"https:\/\/www.grandeportovinhos.com\/eng\/wp-json\/wp\/v2\/comments?post=37012"}],"wp:featuredmedia":[{"embeddable":true,"href":"https:\/\/www.grandeportovinhos.com\/eng\/wp-json\/wp\/v2\/media\/37722"}],"wp:attachment":[{"href":"https:\/\/www.grandeportovinhos.com\/eng\/wp-json\/wp\/v2\/media?parent=37012"}],"wp:term":[{"taxonomy":"product_brand","embeddable":true,"href":"https:\/\/www.grandeportovinhos.com\/eng\/wp-json\/wp\/v2\/product_brand?post=37012"},{"taxonomy":"product_cat","embeddable":true,"href":"https:\/\/www.grandeportovinhos.com\/eng\/wp-json\/wp\/v2\/product_cat?post=37012"},{"taxonomy":"product_tag","embeddable":true,"href":"https:\/\/www.grandeportovinhos.com\/eng\/wp-json\/wp\/v2\/product_tag?post=37012"}],"curies":[{"name":"wp","href":"https:\/\/api.w.org\/{rel}","templated":true}]}}